 - 353*o = -520. What is the remainder when o is divided by 38?
32
Let i be (-2)/(-5) + (-904)/10. Calculate the remainder when (6/9)/((-1)/i) is divided by 1 - (((-2070)/23)/6 + -5).
18
Let m = 82 - 80. Suppose o + 5*s + 126 = 5*o, m*o - 76 = -4*s. Calculate the remainder when 50 is divided by o.
16
Let q be 3/4 + -1 + 710/(-8). Let a = -26 - q. What is the remainder when 124 is divided by a?
61
Let r(m) = -m**3 - 7*m**2 + 0*m - 4*m + 0*m. What is the remainder when r(-7) is divided by 2010/268*(-6)/(-5)?
1
Let i(v) = 152*v**2 + 5*v - 3. Let a be i(-2). What is the remainder when 216 is divided by a/28 - ((-1)/(-4) + -1)?
18
Suppose 7 = 2*t - 3*c, 4*t + 2*c = 5*c + 23. Suppose 21 = 3*m - 3*l, 7*l = 4*l. Suppose 96 = m*s + s. What is the remainder when s is divided by t?
4
Let s(q) = 117*q + 605. Calculate the remainder when 157 is divided by s(-5).
17
Let a(h) = -h**2 - 45 + 0*h**2 - 4492*h + 4544*h - 31. What is the remainder when a(20) is divided by 7?
4
Let n = -36223 + 36244. Calculate the remainder when 182 is divided by n.
14
Suppose -24 = 4*x - 4*b, 2*x - 2*b - b = -17. Calculate the remainder when 90 - (2 + x - -4) is divided by 1/4 - 230/(-8).
27
Let u = -12 - -17. Suppose -g = -u*g + 624. Suppose 2*c = 0, 3*y = y + c + g. What is the remainder when y is divided by 20?
18
Let r = 47 + -42. Suppose -4*d + 2*d + 634 = 0. Suppose -5*v - 17 = 5*l - d, -l + r*v = -36. What is the remainder when l is divided by 19?
18
Suppose 43 = 2*s + 13. Suppose 5*z = -20, 4*q + 2*z = -3*z - 228. Let n = q + 94. Calculate the remainder when n is divided by s.
12
Let j = 40 + -38. Suppose 0 + 10 = 5*d, -j*g + 5*d = -216. Calculate the remainder when g is divided by 19.
18
Let t = -61 + 64. Suppose t*v + 3*c = 84, -5*v + v - 2*c = -114. Suppose 0 = 3*l + 3, -2*q - 2*l + 31 = -195. Calculate the remainder when q is divided by v.
27
Let b(w) = 26*w**3 - w**2 + 2*w - 1. Suppose -k - 9 = -3*j, -8 = -5*k - j - 5. Suppose k = -13*t + 7*t + 6. What is the remainder when 102 is divided by b(t)?
24
Let s = -1401 - -2718. What is the remainder when s is divided by 33?
30
Suppose 0 = -t - 3 + 4, -2*v + 1215 = -t. What is the remainder when v is divided by 5?
3
Let x be -3 - 2 - (19 + -27). Suppose -3*z - 87 = -x*s, -2*s = -4*z - 21 - 41. Calculate the remainder when 564 is divided by s.
24
Suppose 3*a + 8 = -l, 5*l - 3*a + 120 = -2*a. Let w be l/115 - 61/(-5). Suppose -15*n + w = -11*n. Calculate the remainder when 10 is divided by n.
1
Let u = 648 - 644. Calculate the remainder when (2/u)/(72/89712) is divided by 19.
15
Suppose -113*x - 55*x = 79*x - 177840. What is the remainder when 1447 is divided by x?
7
Suppose -12481 = 11*r - 22293. What is the remainder when r is divided by 440?
12
Let m be 2/(-5) - ((-462)/(-70) + -11). Suppose 59*a - 128 = 55*a + 4*w, -a + m*w = -17. What is the remainder when 186 is divided by a?
1
Let z = 310 + -206. Let c(u) = -5*u + 81. What is the remainder when z is divided by c(10)?
11
Let d = -17 - -36. Suppose -7*g + 500 = 4*x - 9*g, -5*g = -2*x + 234. Suppose 4*h - 343 = -x. What is the remainder when h is divided by d?
16
Suppose 3*t - 270 = -5*o + 55, 2*o - 130 = 5*t. Suppose -3*u - 53 = -4*n, 0 = 2*n - 5*u - 9. What is the remainder when o is divided by n?
14
Suppose 44 = 11*k - 22. Let f be (-1)/((2/29)/(-2 - -4)). Let n = f - -99. Calculate the remainder when n is divided by k.
4
Suppose 0 = -4*g - 2*i + 164, -25*g + 29*g - 160 = -i. Calculate the remainder when 926 is divided by g.
29
Suppose 1331 = 41*q - 5598. What is the remainder when 640 is divided by q?
133
Suppose -w = s - 32 - 10, -4*w + 132 = -5*s. Suppose 3*a = a + w. Calculate the remainder when 167 is divided by a.
15
Let x = 356 - -53. Calculate the remainder when x is divided by 22.
13
Suppose 3*t + 4*y = 3*y + 5, 5*y = 10. Let v(q) = 476*q + 26. What is the remainder when v(t) is divided by 28?
26
Let c(k) = -127*k**3 + 3*k - 3. Let d be c(-2). Suppose -877 + d = u. Calculate the remainder when u is divided by 29.
14
Let f(y) = 29*y. Suppose 0 = -5*u + 7*u + 6, -2*u - 76 = -5*z. Suppose -z = -6*d + 46. Calculate the remainder when f(2) is divided by d.
8
Let o(c) = -c**3 - 44*c**2 + 139*c - 69. Calculate the remainder when 125 is divided by o(-47).
0
Let r(d) = d**2 - 2*d - 23. Let z be r(9). Suppose -6 = -x + 2*l + 7, -3*x + 2*l = -27. Calculate the remainder when x is divided by 5/z*4*10.
2
What is the remainder when 227 is divided by (-311)/(-5) + (372/(-60) - (-36)/6)?
41
Suppose 2*o + 2 = -0. Suppose 0 = -2*x - u + 9, -5*x - 2*u + 24 = 2. What is the remainder when ((-5)/4)/(o/12) is divided by x?
3
Suppose i + 5*m = 1375, 5*i + 1287 = 3*m + 8246. Calculate the remainder when i is divided by 230.
10
Suppose 3*x + 0*x = 3, 4*g + 5*x = 25. Suppose -n - 4*j - 2 = -43, -n = g*j - 44. What is the remainder when 53 is divided by n?
24
Let p(j) = 2*j**3 + 28*j**2 - j + 36. What is the remainder when 105 is divided by p(-14)?
5
Calculate the remainder when 8190/174 - 54/783 is divided by 10.
7
Let z be (-114)/(-3)*(-2 + 7). What is the remainder when z/6 - 1/(-3) is divided by -3 + 340/24 - (-1)/(-6)?
10
Suppose -5*v = -9*v + 292. Suppose 2*p - 5*m - v = -2*m, -p + 39 = m. Calculate the remainder when 71 is divided by p.
33
Suppose -3*x + 9401 = 4*n, -2*x + 7712 - 1506 = -5*n. What is the remainder when x is divided by 14?
1
What is the remainder when (-12)/(27/477*(-2)/2) is divided by 150?
62
Calculate the remainder when 559 is divided by 88/(-4)*(-4 + ((-15)/10 - -4)).
31
Let h(f) = -23*f**2 + 473*f + 13. What is the remainder when h(20) is divided by 69?
66
Let q(r) = r + 3. Let l be q(0). Suppose 4*a - 76 = 3*m, l*m = -4*a - 2*m + 76. Calculate the remainder when (400/35 - 4) + 72/(-168) - -27 is divided by a.
15
Let x be (-2)/(((-8)/178)/4) - 0. Suppose -1510 = -8*c + x. Suppose 11*b - c = 482. What is the remainder when b is divided by 16?
15
Suppose 2*j = 4, 11*i - 8*i + j + 757 = 0. Let n = -239 - i. Calculate the remainder when 21 is divided by n.
7
Calculate the remainder when 3 + 0 - 6412/21*-3 is divided by 116.
107
Let t(r) = 47*r + 706. What is the remainder when t(-5) is divided by 96?
87
Suppose 3*y - o = 152, y - 57 + 3 = 2*o. Suppose 43*z = -3*a + 46*z + 42, 4*a + 4*z = 56. What is the remainder when y is divided by a?
8
Let h(p) = 190*p**2 - 3*p - 3. Calculate the remainder when h(-1) is divided by 15.
10
Suppose -3*j + 3*f = -22 - 20, -j + 30 = f. Let h(b) = -20*b - 10. Calculate the remainder when h(-7) is divided by j.
20
Suppose -2*o - 100 = -m, -3*m = 90*o - 87*o - 264. Suppose -2*w + 44 = 4*f, 2*f + 0 + 2 = w. What is the remainder when m is divided by w?
8
Let j = 14255 - 14211. Suppose -2*t + 292 = 34. Calculate the remainder when t is divided by j.
41
Let n be 10/(1 + 1) + -43. What is the remainder when n + 86 - (1 + -7) is divided by 20?
14
Suppose 2*d = 4*d - 32. Suppose 4*p = -d + 96. What is the remainder when 56 is divided by p?
16
Let w(z) = -6*z**2 + z - 6. Let s be w(2). What is the remainder when -5 - ((-14)/s)/(2/(-92)) is divided by 17?
1
Suppose -r - 1 + 0 = -3*h, -2*r + 22 = 2*h. Let l(w) = 2*w**2 - 65*w + 119. Calculate the remainder when l(31) is divided by r.
2
Let u = 467 + -438. What is the remainder when 111 is divided by u?
24
Let v be (-2)/(-4)*-2 - -9. Suppose o + v = 2*o. Let q(p) = -p**3 + 4*p**2 + 3*p - 3. What is the remainder when q(3) is divided by o?
7
Suppose -4*d - 10 + 64 = -10. Calculate the remainder when 4/(-5 - -3) + 61 is divided by d.
11
What is the remainder when 4144910/1029 + 4/(-42) is divided by 139?
136
Suppose 102 = 2*m + 556. Let r = 314 - m. Calculate the remainder when r is divided by 17.
14
Let f(i) = i**2 + 40*i - 524. What is the remainder when 1796 is divided by f(19)?
5
Suppose -15*s + 3563 = -2257. Suppose -2*t = -2*u + s, -4*u - 3*t = -4*t - 761. What is the remainder when u is divided by 24?
21
Let g(b) = -b**2 + 36*b - 42. Suppose z - 3 - 51 = 4*o, -5*z = 5*o - 145. Calculate the remainder when g(z) is divided by 10.
6
Suppose 96*g - 5*p + 1414 = 97*g, -g = -7*p - 1450. What is the remainder when g is divided by 90?
79
Suppose -3*c + 2*c + 44 = 0. Let i = -16631 - -16657. What is the remainder when c is divided by i?
18
Let u(r) = r**2 - 9*r - 14. Let o be u(10). What is 